{"id":3225,"date":"2024-06-18T10:30:35","date_gmt":"2024-06-18T10:30:35","guid":{"rendered":"https:\/\/www.orangecosta.com\/blog\/?post_type=tribe_events&#038;p=3225"},"modified":"2024-06-18T10:56:01","modified_gmt":"2024-06-18T10:56:01","slug":"benicassim-torre-a-la-vista","status":"publish","type":"tribe_events","link":"https:\/\/www.orangecosta.com\/blog\/evento\/benicassim-torre-a-la-vista\/","title":{"rendered":"Benic\u00e0ssim \u00a1Torre a la Vista!"},"content":{"rendered":"<p><strong>\u00abBenic\u00e0ssim, \u00a1Torre a la Vista!\u00bb<\/strong> es una propuesta dise\u00f1ada para el disfrute de familias que busca establecerse como un punto de referencia en la revitalizaci\u00f3n del patrimonio cultural y hist\u00f3rico de Benic\u00e0ssim. En el entorno de la Torre Sant Vicent, que ser\u00e1 el epicentro del evento, se llevar\u00e1n a cabo m\u00e1s de cuarenta actividades diarias, incluyendo espect\u00e1culos y talleres variados.<\/p>\n<p>El anfiteatro Pepe Falomir Almela servir\u00e1 como el lugar ideal para observar la llegada de barcos, sumergirse en el mundo de las artes piratas o asistir a emocionantes duelos de espada entre los berberiscos y los locales.<\/p>\n<p>Principalmente, \u00abBenic\u00e0ssim, \u00a1Torre a la Vista!\u00bb se presenta como una excelente oportunidad para que los ni\u00f1os descubran la historia de manera entretenida. Actividades como funciones de t\u00edteres, cuentos mar\u00edtimos y rastreos de tesoros son solo algunas de las formas en que se destacar\u00e1 la importancia hist\u00f3rica y cultural de la Torre Sant Vicent.<\/p>\n<p><strong>Este a\u00f1o, el evento se celebra el 29 y 30 de junio de 2024.<\/strong><\/p>\n<p>&gt; Descubre todas las actividades aqu\u00ed: <strong><a href=\"https:\/\/www.orangecosta.com\/blog\/wp-content\/uploads\/2024\/06\/PROGRAMA_BENICASSIMTORREALAVISTA_2024-compressed.pdf\">PROGRAMA BENICASSIM TORRE A LA VISTA 2024<\/a><\/strong><\/p>\n<p>&nbsp;<\/p>\n","protected":false},"excerpt":{"rendered":"<p>\u00abBenic\u00e0ssim, \u00a1Torre a la Vista!\u00bb es una propuesta dise\u00f1ada para el disfrute de familias que busca establecerse como un punto&#8230;<\/p>\n","protected":false},"author":3,"featured_media":0,"comment_status":"open","ping_status":"closed","template":"","meta":{"_tribe_events_status":"","_tribe_events_status_reason":"","footnotes":""},"tags":[],"tribe_events_cat":[122],"class_list":["post-3225","tribe_events","type-tribe_events","status-publish","hentry","tribe_events_cat-actividad","cat_actividad"],"yoast_head":"<!-- This site is optimized with the Yoast SEO plugin v27.5 - https:\/\/yoast.com\/product\/yoast-seo-wordpress\/ -->\n<title>Benic\u00e0ssim \u00a1Torre a la Vista! - Orange Costa<\/title>\n<meta name=\"description\" content=\"&quot;Benic\u00e0ssim, \u00a1Torre a la Vista!&quot; - propuesta para el disfrute de familias, cuidando del patrimonio cultural e hist\u00f3rico de Benic\u00e0ssim.\" \/>\n<meta name=\"robots\" content=\"index, follow, max-snippet:-1, max-image-preview:large, max-video-preview:-1\" \/>\n<link rel=\"canonical\" href=\"https:\/\/www.orangecosta.com\/blog\/evento\/benicassim-torre-a-la-vista\/\" \/>\n<meta property=\"og:locale\" content=\"es_ES\" \/>\n<meta property=\"og:type\" content=\"article\" \/>\n<meta property=\"og:title\" content=\"Benic\u00e0ssim \u00a1Torre a la Vista! - Orange Costa\" \/>\n<meta property=\"og:description\" content=\"&quot;Benic\u00e0ssim, \u00a1Torre a la Vista!&quot; - propuesta para el disfrute de familias, cuidando del patrimonio cultural e hist\u00f3rico de Benic\u00e0ssim.\" \/>\n<meta property=\"og:url\" content=\"https:\/\/www.orangecosta.com\/blog\/evento\/benicassim-torre-a-la-vista\/\" \/>\n<meta property=\"og:site_name\" content=\"Blog turismo Orange Costa\" \/>\n<meta property=\"article:modified_time\" content=\"2024-06-18T10:56:01+00:00\" \/>\n<meta name=\"twitter:card\" content=\"summary_large_image\" \/>\n<meta name=\"twitter:label1\" content=\"Tiempo de lectura\" \/>\n\t<meta name=\"twitter:data1\" content=\"1 minuto\" \/>\n<script type=\"application\/ld+json\" class=\"yoast-schema-graph\">{\"@context\":\"https:\\\/\\\/schema.org\",\"@graph\":[{\"@type\":\"WebPage\",\"@id\":\"https:\\\/\\\/www.orangecosta.com\\\/blog\\\/evento\\\/benicassim-torre-a-la-vista\\\/\",\"url\":\"https:\\\/\\\/www.orangecosta.com\\\/blog\\\/evento\\\/benicassim-torre-a-la-vista\\\/\",\"name\":\"Benic\u00e0ssim \u00a1Torre a la Vista! - Orange Costa\",\"isPartOf\":{\"@id\":\"https:\\\/\\\/www.orangecosta.com\\\/blog\\\/#website\"},\"datePublished\":\"2024-06-18T10:30:35+00:00\",\"dateModified\":\"2024-06-18T10:56:01+00:00\",\"description\":\"\\\"Benic\u00e0ssim, \u00a1Torre a la Vista!\\\" - propuesta para el disfrute de familias, cuidando del patrimonio cultural e hist\u00f3rico de Benic\u00e0ssim.\",\"breadcrumb\":{\"@id\":\"https:\\\/\\\/www.orangecosta.com\\\/blog\\\/evento\\\/benicassim-torre-a-la-vista\\\/#breadcrumb\"},\"inLanguage\":\"es\",\"potentialAction\":[{\"@type\":\"ReadAction\",\"target\":[\"https:\\\/\\\/www.orangecosta.com\\\/blog\\\/evento\\\/benicassim-torre-a-la-vista\\\/\"]}]},{\"@type\":\"BreadcrumbList\",\"@id\":\"https:\\\/\\\/www.orangecosta.com\\\/blog\\\/evento\\\/benicassim-torre-a-la-vista\\\/#breadcrumb\",\"itemListElement\":[{\"@type\":\"ListItem\",\"position\":1,\"name\":\"Home\",\"item\":\"https:\\\/\\\/www.orangecosta.com\\\/blog\\\/\"},{\"@type\":\"ListItem\",\"position\":2,\"name\":\"Eventos\",\"item\":\"https:\\\/\\\/www.orangecosta.com\\\/blog\\\/eventos\\\/\"},{\"@type\":\"ListItem\",\"position\":3,\"name\":\"Benic\u00e0ssim \u00a1Torre a la Vista!\"}]},{\"@type\":\"WebSite\",\"@id\":\"https:\\\/\\\/www.orangecosta.com\\\/blog\\\/#website\",\"url\":\"https:\\\/\\\/www.orangecosta.com\\\/blog\\\/\",\"name\":\"Blog turismo Orange Costa\",\"description\":\"Orangecosta\",\"potentialAction\":[{\"@type\":\"SearchAction\",\"target\":{\"@type\":\"EntryPoint\",\"urlTemplate\":\"https:\\\/\\\/www.orangecosta.com\\\/blog\\\/?s={search_term_string}\"},\"query-input\":{\"@type\":\"PropertyValueSpecification\",\"valueRequired\":true,\"valueName\":\"search_term_string\"}}],\"inLanguage\":\"es\"}]}<\/script>\n<!-- \/ Yoast SEO plugin. -->","yoast_head_json":{"title":"Benic\u00e0ssim \u00a1Torre a la Vista! - Orange Costa","description":"\"Benic\u00e0ssim, \u00a1Torre a la Vista!\" - propuesta para el disfrute de familias, cuidando del patrimonio cultural e hist\u00f3rico de Benic\u00e0ssim.","robots":{"index":"index","follow":"follow","max-snippet":"max-snippet:-1","max-image-preview":"max-image-preview:large","max-video-preview":"max-video-preview:-1"},"canonical":"https:\/\/www.orangecosta.com\/blog\/evento\/benicassim-torre-a-la-vista\/","og_locale":"es_ES","og_type":"article","og_title":"Benic\u00e0ssim \u00a1Torre a la Vista! - Orange Costa","og_description":"\"Benic\u00e0ssim, \u00a1Torre a la Vista!\" - propuesta para el disfrute de familias, cuidando del patrimonio cultural e hist\u00f3rico de Benic\u00e0ssim.","og_url":"https:\/\/www.orangecosta.com\/blog\/evento\/benicassim-torre-a-la-vista\/","og_site_name":"Blog turismo Orange Costa","article_modified_time":"2024-06-18T10:56:01+00:00","twitter_card":"summary_large_image","twitter_misc":{"Tiempo de lectura":"1 minuto"},"schema":{"@context":"https:\/\/schema.org","@graph":[{"@type":"WebPage","@id":"https:\/\/www.orangecosta.com\/blog\/evento\/benicassim-torre-a-la-vista\/","url":"https:\/\/www.orangecosta.com\/blog\/evento\/benicassim-torre-a-la-vista\/","name":"Benic\u00e0ssim \u00a1Torre a la Vista! - Orange Costa","isPartOf":{"@id":"https:\/\/www.orangecosta.com\/blog\/#website"},"datePublished":"2024-06-18T10:30:35+00:00","dateModified":"2024-06-18T10:56:01+00:00","description":"\"Benic\u00e0ssim, \u00a1Torre a la Vista!\" - propuesta para el disfrute de familias, cuidando del patrimonio cultural e hist\u00f3rico de Benic\u00e0ssim.","breadcrumb":{"@id":"https:\/\/www.orangecosta.com\/blog\/evento\/benicassim-torre-a-la-vista\/#breadcrumb"},"inLanguage":"es","potentialAction":[{"@type":"ReadAction","target":["https:\/\/www.orangecosta.com\/blog\/evento\/benicassim-torre-a-la-vista\/"]}]},{"@type":"BreadcrumbList","@id":"https:\/\/www.orangecosta.com\/blog\/evento\/benicassim-torre-a-la-vista\/#breadcrumb","itemListElement":[{"@type":"ListItem","position":1,"name":"Home","item":"https:\/\/www.orangecosta.com\/blog\/"},{"@type":"ListItem","position":2,"name":"Eventos","item":"https:\/\/www.orangecosta.com\/blog\/eventos\/"},{"@type":"ListItem","position":3,"name":"Benic\u00e0ssim \u00a1Torre a la Vista!"}]},{"@type":"WebSite","@id":"https:\/\/www.orangecosta.com\/blog\/#website","url":"https:\/\/www.orangecosta.com\/blog\/","name":"Blog turismo Orange Costa","description":"Orangecosta","potentialAction":[{"@type":"SearchAction","target":{"@type":"EntryPoint","urlTemplate":"https:\/\/www.orangecosta.com\/blog\/?s={search_term_string}"},"query-input":{"@type":"PropertyValueSpecification","valueRequired":true,"valueName":"search_term_string"}}],"inLanguage":"es"}]}},"_links":{"self":[{"href":"https:\/\/www.orangecosta.com\/blog\/wp-json\/wp\/v2\/tribe_events\/3225","targetHints":{"allow":["GET"]}}],"collection":[{"href":"https:\/\/www.orangecosta.com\/blog\/wp-json\/wp\/v2\/tribe_events"}],"about":[{"href":"https:\/\/www.orangecosta.com\/blog\/wp-json\/wp\/v2\/types\/tribe_events"}],"author":[{"embeddable":true,"href":"https:\/\/www.orangecosta.com\/blog\/wp-json\/wp\/v2\/users\/3"}],"replies":[{"embeddable":true,"href":"https:\/\/www.orangecosta.com\/blog\/wp-json\/wp\/v2\/comments?post=3225"}],"version-history":[{"count":1,"href":"https:\/\/www.orangecosta.com\/blog\/wp-json\/wp\/v2\/tribe_events\/3225\/revisions"}],"predecessor-version":[{"id":3226,"href":"https:\/\/www.orangecosta.com\/blog\/wp-json\/wp\/v2\/tribe_events\/3225\/revisions\/3226"}],"wp:attachment":[{"href":"https:\/\/www.orangecosta.com\/blog\/wp-json\/wp\/v2\/media?parent=3225"}],"wp:term":[{"taxonomy":"post_tag","embeddable":true,"href":"https:\/\/www.orangecosta.com\/blog\/wp-json\/wp\/v2\/tags?post=3225"},{"taxonomy":"tribe_events_cat","embeddable":true,"href":"https:\/\/www.orangecosta.com\/blog\/wp-json\/wp\/v2\/tribe_events_cat?post=3225"}],"curies":[{"name":"wp","href":"https:\/\/api.w.org\/{rel}","templated":true}]}}

Benicàssim ¡Torre a la Vista!

<p><strong>«Benicàssim, ¡Torre a la Vista!»</strong> es una propuesta diseñada para el disfrute de familias que busca establecerse como un punto de referencia en la revitalización del patrimonio cultural y histórico de Benicàssim. En el entorno de la Torre Sant Vicent, que será el epicentro del evento, se llevarán a cabo más de cuarenta actividades diarias, incluyendo espectáculos y talleres variados.</p>
<p>El anfiteatro Pepe Falomir Almela servirá como el lugar ideal para observar la llegada de barcos, sumergirse en el mundo de las artes piratas o asistir a emocionantes duelos de espada entre los berberiscos y los locales.</p>
<p>Principalmente, «Benicàssim, ¡Torre a la Vista!» se presenta como una excelente oportunidad para que los niños descubran la historia de manera entretenida. Actividades como funciones de títeres, cuentos marítimos y rastreos de tesoros son solo algunas de las formas en que se destacará la importancia histórica y cultural de la Torre Sant Vicent.</p>
<p><strong>Este año, el evento se celebra el 29 y 30 de junio de 2024.</strong></p>
<p>&gt; Descubre todas las actividades aquí: <strong><a href="https://www.orangecosta.com/blog/wp-content/uploads/2024/06/PROGRAMA_BENICASSIMTORREALAVISTA_2024-compressed.pdf">PROGRAMA BENICASSIM TORRE A LA VISTA 2024</a></strong></p>
<p>&nbsp;</p>

<p>«Benicàssim, ¡Torre a la Vista!» es una propuesta diseñada para el disfrute de familias que busca establecerse como un punto&#8230;</p>

<!-- This site is optimized with the Yoast SEO plugin v27.5 - https://yoast.com/product/yoast-seo-wordpress/ -->
<title>Benicàssim ¡Torre a la Vista! - Orange Costa</title>
<meta name="description" content="&quot;Benicàssim, ¡Torre a la Vista!&quot; - propuesta para el disfrute de familias, cuidando del patrimonio cultural e histórico de Benicàssim." />
<meta name="robots" content="index, follow, max-snippet:-1, max-image-preview:large, max-video-preview:-1" />
<link rel="canonical" href="https://www.orangecosta.com/blog/evento/benicassim-torre-a-la-vista/" />
<meta property="og:locale" content="es_ES" />
<meta property="og:type" content="article" />
<meta property="og:title" content="Benicàssim ¡Torre a la Vista! - Orange Costa" />
<meta property="og:description" content="&quot;Benicàssim, ¡Torre a la Vista!&quot; - propuesta para el disfrute de familias, cuidando del patrimonio cultural e histórico de Benicàssim." />
<meta property="og:url" content="https://www.orangecosta.com/blog/evento/benicassim-torre-a-la-vista/" />
<meta property="og:site_name" content="Blog turismo Orange Costa" />
<meta property="article:modified_time" content="2024-06-18T10:56:01+00:00" />
<meta name="twitter:card" content="summary_large_image" />
<meta name="twitter:label1" content="Tiempo de lectura" />
	<meta name="twitter:data1" content="1 minuto" />
<script type="application/ld+json" class="yoast-schema-graph">{"@context":"https:\/\/schema.org","@graph":[{"@type":"WebPage","@id":"https:\/\/www.orangecosta.com\/blog\/evento\/benicassim-torre-a-la-vista\/","url":"https:\/\/www.orangecosta.com\/blog\/evento\/benicassim-torre-a-la-vista\/","name":"Benicàssim ¡Torre a la Vista! - Orange Costa","isPartOf":{"@id":"https:\/\/www.orangecosta.com\/blog\/#website"},"datePublished":"2024-06-18T10:30:35+00:00","dateModified":"2024-06-18T10:56:01+00:00","description":"\"Benicàssim, ¡Torre a la Vista!\" - propuesta para el disfrute de familias, cuidando del patrimonio cultural e histórico de Benicàssim.","breadcrumb":{"@id":"https:\/\/www.orangecosta.com\/blog\/evento\/benicassim-torre-a-la-vista\/#breadcrumb"},"inLanguage":"es","potentialAction":[{"@type":"ReadAction","target":["https:\/\/www.orangecosta.com\/blog\/evento\/benicassim-torre-a-la-vista\/"]}]},{"@type":"BreadcrumbList","@id":"https:\/\/www.orangecosta.com\/blog\/evento\/benicassim-torre-a-la-vista\/#breadcrumb","itemListElement":[{"@type":"ListItem","position":1,"name":"Home","item":"https:\/\/www.orangecosta.com\/blog\/"},{"@type":"ListItem","position":2,"name":"Eventos","item":"https:\/\/www.orangecosta.com\/blog\/eventos\/"},{"@type":"ListItem","position":3,"name":"Benicàssim ¡Torre a la Vista!"}]},{"@type":"WebSite","@id":"https:\/\/www.orangecosta.com\/blog\/#website","url":"https:\/\/www.orangecosta.com\/blog\/","name":"Blog turismo Orange Costa","description":"Orangecosta","potentialAction":[{"@type":"SearchAction","target":{"@type":"EntryPoint","urlTemplate":"https:\/\/www.orangecosta.com\/blog\/?s={search_term_string}"},"query-input":{"@type":"PropertyValueSpecification","valueRequired":true,"valueName":"search_term_string"}}],"inLanguage":"es"}]}</script>
<!-- / Yoast SEO plugin. -->

Benicàssim ¡Torre a la Vista! - Orange Costa

"Benicàssim, ¡Torre a la Vista!" - propuesta para el disfrute de familias, cuidando del patrimonio cultural e histórico de Benicàssim.
