{"id":5805,"date":"2026-03-09T10:43:06","date_gmt":"2026-03-09T10:43:06","guid":{"rendered":"https:\/\/www.orangecosta.com\/blog\/evento\/samedi-21-mars\/"},"modified":"2026-03-09T10:43:06","modified_gmt":"2026-03-09T10:43:06","slug":"samedi-21-mars","status":"publish","type":"tribe_events","link":"https:\/\/www.orangecosta.com\/blog\/fr\/evento\/samedi-21-mars\/","title":{"rendered":"Samedi 21 mars"},"content":{"rendered":"<p>&#8211; 10h Boutiques en plein air. Promenade maritime.<br \/>\n&#8211; 18h Visite guid\u00e9e historique.<br \/>\n&#8211; 19h Hommage. Th\u00e9\u00e2tre. Palais des congr\u00e8s. 10 \u20ac   <\/p>\n","protected":false},"excerpt":{"rendered":"<p>&#8211; 10h Boutiques en plein air. Promenade maritime. &#8211; 18h Visite guid\u00e9e historique. &#8211; 19h Hommage. Th\u00e9\u00e2tre. Palais des congr\u00e8s&#8230;.<\/p>\n","protected":false},"author":3,"featured_media":0,"comment_status":"open","ping_status":"closed","template":"","meta":{"_tribe_events_status":"","_tribe_events_status_reason":"","footnotes":""},"tags":[],"tribe_events_cat":[],"class_list":["post-5805","tribe_events","type-tribe_events","status-publish","hentry"],"yoast_head":"<!-- This site is optimized with the Yoast SEO plugin v27.5 - https:\/\/yoast.com\/product\/yoast-seo-wordpress\/ -->\n<title>Samedi 21 mars - Blog turismo Orange Costa<\/title>\n<meta name=\"robots\" content=\"index, follow, max-snippet:-1, max-image-preview:large, max-video-preview:-1\" \/>\n<link rel=\"canonical\" href=\"https:\/\/www.orangecosta.com\/blog\/fr\/evento\/samedi-21-mars\/\" \/>\n<meta property=\"og:locale\" content=\"fr_FR\" \/>\n<meta property=\"og:type\" content=\"article\" \/>\n<meta property=\"og:title\" content=\"Samedi 21 mars - Blog turismo Orange Costa\" \/>\n<meta property=\"og:description\" content=\"&#8211; 10h Boutiques en plein air. Promenade maritime. &#8211; 18h Visite guid\u00e9e historique. &#8211; 19h Hommage. Th\u00e9\u00e2tre. Palais des congr\u00e8s....\" \/>\n<meta property=\"og:url\" content=\"https:\/\/www.orangecosta.com\/blog\/fr\/evento\/samedi-21-mars\/\" \/>\n<meta property=\"og:site_name\" content=\"Blog turismo Orange Costa\" \/>\n<meta name=\"twitter:card\" content=\"summary_large_image\" \/>\n<script type=\"application\/ld+json\" class=\"yoast-schema-graph\">{\"@context\":\"https:\\\/\\\/schema.org\",\"@graph\":[{\"@type\":\"WebPage\",\"@id\":\"https:\\\/\\\/www.orangecosta.com\\\/blog\\\/fr\\\/evento\\\/samedi-21-mars\\\/\",\"url\":\"https:\\\/\\\/www.orangecosta.com\\\/blog\\\/fr\\\/evento\\\/samedi-21-mars\\\/\",\"name\":\"Samedi 21 mars - Blog turismo Orange Costa\",\"isPartOf\":{\"@id\":\"https:\\\/\\\/www.orangecosta.com\\\/blog\\\/fr\\\/#website\"},\"datePublished\":\"2026-03-09T10:43:06+00:00\",\"breadcrumb\":{\"@id\":\"https:\\\/\\\/www.orangecosta.com\\\/blog\\\/fr\\\/evento\\\/samedi-21-mars\\\/#breadcrumb\"},\"inLanguage\":\"fr-FR\",\"potentialAction\":[{\"@type\":\"ReadAction\",\"target\":[\"https:\\\/\\\/www.orangecosta.com\\\/blog\\\/fr\\\/evento\\\/samedi-21-mars\\\/\"]}]},{\"@type\":\"BreadcrumbList\",\"@id\":\"https:\\\/\\\/www.orangecosta.com\\\/blog\\\/fr\\\/evento\\\/samedi-21-mars\\\/#breadcrumb\",\"itemListElement\":[{\"@type\":\"ListItem\",\"position\":1,\"name\":\"Home\",\"item\":\"https:\\\/\\\/www.orangecosta.com\\\/blog\\\/fr\\\/\"},{\"@type\":\"ListItem\",\"position\":2,\"name\":\"\u00c9v\u00e8nements\",\"item\":\"https:\\\/\\\/www.orangecosta.com\\\/blog\\\/fr\\\/eventos\\\/\"},{\"@type\":\"ListItem\",\"position\":3,\"name\":\"Samedi 21 mars\"}]},{\"@type\":\"WebSite\",\"@id\":\"https:\\\/\\\/www.orangecosta.com\\\/blog\\\/fr\\\/#website\",\"url\":\"https:\\\/\\\/www.orangecosta.com\\\/blog\\\/fr\\\/\",\"name\":\"Blog turismo Orange Costa\",\"description\":\"Orangecosta\",\"potentialAction\":[{\"@type\":\"SearchAction\",\"target\":{\"@type\":\"EntryPoint\",\"urlTemplate\":\"https:\\\/\\\/www.orangecosta.com\\\/blog\\\/fr\\\/?s={search_term_string}\"},\"query-input\":{\"@type\":\"PropertyValueSpecification\",\"valueRequired\":true,\"valueName\":\"search_term_string\"}}],\"inLanguage\":\"fr-FR\"}]}<\/script>\n<!-- \/ Yoast SEO plugin. -->","yoast_head_json":{"title":"Samedi 21 mars - Blog turismo Orange Costa","robots":{"index":"index","follow":"follow","max-snippet":"max-snippet:-1","max-image-preview":"max-image-preview:large","max-video-preview":"max-video-preview:-1"},"canonical":"https:\/\/www.orangecosta.com\/blog\/fr\/evento\/samedi-21-mars\/","og_locale":"fr_FR","og_type":"article","og_title":"Samedi 21 mars - Blog turismo Orange Costa","og_description":"&#8211; 10h Boutiques en plein air. Promenade maritime. &#8211; 18h Visite guid\u00e9e historique. &#8211; 19h Hommage. Th\u00e9\u00e2tre. Palais des congr\u00e8s....","og_url":"https:\/\/www.orangecosta.com\/blog\/fr\/evento\/samedi-21-mars\/","og_site_name":"Blog turismo Orange Costa","twitter_card":"summary_large_image","schema":{"@context":"https:\/\/schema.org","@graph":[{"@type":"WebPage","@id":"https:\/\/www.orangecosta.com\/blog\/fr\/evento\/samedi-21-mars\/","url":"https:\/\/www.orangecosta.com\/blog\/fr\/evento\/samedi-21-mars\/","name":"Samedi 21 mars - Blog turismo Orange Costa","isPartOf":{"@id":"https:\/\/www.orangecosta.com\/blog\/fr\/#website"},"datePublished":"2026-03-09T10:43:06+00:00","breadcrumb":{"@id":"https:\/\/www.orangecosta.com\/blog\/fr\/evento\/samedi-21-mars\/#breadcrumb"},"inLanguage":"fr-FR","potentialAction":[{"@type":"ReadAction","target":["https:\/\/www.orangecosta.com\/blog\/fr\/evento\/samedi-21-mars\/"]}]},{"@type":"BreadcrumbList","@id":"https:\/\/www.orangecosta.com\/blog\/fr\/evento\/samedi-21-mars\/#breadcrumb","itemListElement":[{"@type":"ListItem","position":1,"name":"Home","item":"https:\/\/www.orangecosta.com\/blog\/fr\/"},{"@type":"ListItem","position":2,"name":"\u00c9v\u00e8nements","item":"https:\/\/www.orangecosta.com\/blog\/fr\/eventos\/"},{"@type":"ListItem","position":3,"name":"Samedi 21 mars"}]},{"@type":"WebSite","@id":"https:\/\/www.orangecosta.com\/blog\/fr\/#website","url":"https:\/\/www.orangecosta.com\/blog\/fr\/","name":"Blog turismo Orange Costa","description":"Orangecosta","potentialAction":[{"@type":"SearchAction","target":{"@type":"EntryPoint","urlTemplate":"https:\/\/www.orangecosta.com\/blog\/fr\/?s={search_term_string}"},"query-input":{"@type":"PropertyValueSpecification","valueRequired":true,"valueName":"search_term_string"}}],"inLanguage":"fr-FR"}]}},"_links":{"self":[{"href":"https:\/\/www.orangecosta.com\/blog\/fr\/wp-json\/wp\/v2\/tribe_events\/5805","targetHints":{"allow":["GET"]}}],"collection":[{"href":"https:\/\/www.orangecosta.com\/blog\/fr\/wp-json\/wp\/v2\/tribe_events"}],"about":[{"href":"https:\/\/www.orangecosta.com\/blog\/fr\/wp-json\/wp\/v2\/types\/tribe_events"}],"author":[{"embeddable":true,"href":"https:\/\/www.orangecosta.com\/blog\/fr\/wp-json\/wp\/v2\/users\/3"}],"replies":[{"embeddable":true,"href":"https:\/\/www.orangecosta.com\/blog\/fr\/wp-json\/wp\/v2\/comments?post=5805"}],"version-history":[{"count":0,"href":"https:\/\/www.orangecosta.com\/blog\/fr\/wp-json\/wp\/v2\/tribe_events\/5805\/revisions"}],"wp:attachment":[{"href":"https:\/\/www.orangecosta.com\/blog\/fr\/wp-json\/wp\/v2\/media?parent=5805"}],"wp:term":[{"taxonomy":"post_tag","embeddable":true,"href":"https:\/\/www.orangecosta.com\/blog\/fr\/wp-json\/wp\/v2\/tags?post=5805"},{"taxonomy":"tribe_events_cat","embeddable":true,"href":"https:\/\/www.orangecosta.com\/blog\/fr\/wp-json\/wp\/v2\/tribe_events_cat?post=5805"}],"curies":[{"name":"wp","href":"https:\/\/api.w.org\/{rel}","templated":true}]}}

<p>&#8211; 10h Boutiques en plein air. Promenade maritime.<br />
&#8211; 18h Visite guidée historique.<br />
&#8211; 19h Hommage. Théâtre. Palais des congrès. 10 €   </p>

<p>&#8211; 10h Boutiques en plein air. Promenade maritime. &#8211; 18h Visite guidée historique. &#8211; 19h Hommage. Théâtre. Palais des congrès&#8230;.</p>

<!-- This site is optimized with the Yoast SEO plugin v27.5 - https://yoast.com/product/yoast-seo-wordpress/ -->
<title>Samedi 21 mars - Blog turismo Orange Costa</title>
<meta name="robots" content="index, follow, max-snippet:-1, max-image-preview:large, max-video-preview:-1" />
<link rel="canonical" href="https://www.orangecosta.com/blog/fr/evento/samedi-21-mars/" />
<meta property="og:locale" content="fr_FR" />
<meta property="og:type" content="article" />
<meta property="og:title" content="Samedi 21 mars - Blog turismo Orange Costa" />
<meta property="og:description" content="&#8211; 10h Boutiques en plein air. Promenade maritime. &#8211; 18h Visite guidée historique. &#8211; 19h Hommage. Théâtre. Palais des congrès...." />
<meta property="og:url" content="https://www.orangecosta.com/blog/fr/evento/samedi-21-mars/" />
<meta property="og:site_name" content="Blog turismo Orange Costa" />
<meta name="twitter:card" content="summary_large_image" />
<script type="application/ld+json" class="yoast-schema-graph">{"@context":"https:\/\/schema.org","@graph":[{"@type":"WebPage","@id":"https:\/\/www.orangecosta.com\/blog\/fr\/evento\/samedi-21-mars\/","url":"https:\/\/www.orangecosta.com\/blog\/fr\/evento\/samedi-21-mars\/","name":"Samedi 21 mars - Blog turismo Orange Costa","isPartOf":{"@id":"https:\/\/www.orangecosta.com\/blog\/fr\/#website"},"datePublished":"2026-03-09T10:43:06+00:00","breadcrumb":{"@id":"https:\/\/www.orangecosta.com\/blog\/fr\/evento\/samedi-21-mars\/#breadcrumb"},"inLanguage":"fr-FR","potentialAction":[{"@type":"ReadAction","target":["https:\/\/www.orangecosta.com\/blog\/fr\/evento\/samedi-21-mars\/"]}]},{"@type":"BreadcrumbList","@id":"https:\/\/www.orangecosta.com\/blog\/fr\/evento\/samedi-21-mars\/#breadcrumb","itemListElement":[{"@type":"ListItem","position":1,"name":"Home","item":"https:\/\/www.orangecosta.com\/blog\/fr\/"},{"@type":"ListItem","position":2,"name":"Évènements","item":"https:\/\/www.orangecosta.com\/blog\/fr\/eventos\/"},{"@type":"ListItem","position":3,"name":"Samedi 21 mars"}]},{"@type":"WebSite","@id":"https:\/\/www.orangecosta.com\/blog\/fr\/#website","url":"https:\/\/www.orangecosta.com\/blog\/fr\/","name":"Blog turismo Orange Costa","description":"Orangecosta","potentialAction":[{"@type":"SearchAction","target":{"@type":"EntryPoint","urlTemplate":"https:\/\/www.orangecosta.com\/blog\/fr\/?s={search_term_string}"},"query-input":{"@type":"PropertyValueSpecification","valueRequired":true,"valueName":"search_term_string"}}],"inLanguage":"fr-FR"}]}</script>
<!-- / Yoast SEO plugin. -->

&#8211; 10h Boutiques en plein air. Promenade maritime. &#8211; 18h Visite guidée historique. &#8211; 19h Hommage. Théâtre. Palais des congrès....

Évènements
