{"id":3515,"date":"2024-09-05T09:57:43","date_gmt":"2024-09-05T09:57:43","guid":{"rendered":"https:\/\/www.orangecosta.com\/blog\/?post_type=tribe_events&#038;p=3515"},"modified":"2024-09-05T09:57:43","modified_gmt":"2024-09-05T09:57:43","slug":"benicassim-belle-epoque-2024","status":"publish","type":"tribe_events","link":"https:\/\/www.orangecosta.com\/blog\/fr\/evento\/benicassim-belle-epoque-2024\/","title":{"rendered":"Benic\u00e0ssim Belle \u00c9poque 2024"},"content":{"rendered":"<p>Descubre la magia de la Belle \u00c9poque en Benic\u00e0ssim del 6 al 8 de septiembre de 2024. Sum\u00e9rgete en una celebraci\u00f3n \u00fanica de m\u00fasica, arte y cultura de una era dorada. Viste tu atuendo de \u00e9poca y vive un fin de semana inolvidable en el encantador Festival Belle \u00c9poque. \u00a1Te esperamos para compartir momentos llenos de elegancia y esplendor!<\/p>\n<p><img fetchpriority=\"high\" decoding=\"async\" class=\"size-medium wp-image-3502 alignleft\" src=\"https:\/\/www.orangecosta.com\/blog\/wp-content\/uploads\/2024\/08\/Cartel-Belle-Epoque-2024-380x350.jpeg\" alt=\"\" width=\"300\" height=\"276\" \/><\/p>\n<p>&nbsp;<\/p>\n<p>&nbsp;<\/p>\n<p>&nbsp;<\/p>\n<p>&nbsp;<\/p>\n<p>&nbsp;<\/p>\n<p>&nbsp;<\/p>\n<p>&nbsp;<\/p>\n<p>&nbsp;<\/p>\n<p>Descubre todas las <strong><a href=\"https:\/\/belleepoque.benicassim.es\/\">actividades planificadas para el fin de semana Belle \u00c9poque en Benic\u00e0ssim aqu\u00ed<\/a><\/strong>!<\/p>\n","protected":false},"excerpt":{"rendered":"<p>Descubre la magia de la Belle \u00c9poque en Benic\u00e0ssim del 6 al 8 de septiembre de 2024. Sum\u00e9rgete en una&#8230;<\/p>\n","protected":false},"author":3,"featured_media":0,"comment_status":"open","ping_status":"closed","template":"","meta":{"_tribe_events_status":"","_tribe_events_status_reason":"","footnotes":""},"tags":[],"tribe_events_cat":[],"class_list":["post-3515","tribe_events","type-tribe_events","status-publish","hentry"],"yoast_head":"<!-- This site is optimized with the Yoast SEO plugin v27.5 - https:\/\/yoast.com\/product\/yoast-seo-wordpress\/ -->\n<title>Benic\u00e0ssim Belle \u00c9poque 2024 - Orange Costa<\/title>\n<meta name=\"description\" content=\"Buscas alojamiento para disfrutar del evento Belle \u00c9poque en Benicassim. Encuentra lo que buscas aqu\u00ed, con Orange Costa!\" \/>\n<meta name=\"robots\" content=\"index, follow, max-snippet:-1, max-image-preview:large, max-video-preview:-1\" \/>\n<link rel=\"canonical\" href=\"https:\/\/www.orangecosta.com\/blog\/fr\/evento\/benicassim-belle-epoque-2024\/\" \/>\n<meta property=\"og:locale\" content=\"fr_FR\" \/>\n<meta property=\"og:type\" content=\"article\" \/>\n<meta property=\"og:title\" content=\"Benic\u00e0ssim Belle \u00c9poque 2024 - Orange Costa\" \/>\n<meta property=\"og:description\" content=\"Buscas alojamiento para disfrutar del evento Belle \u00c9poque en Benicassim. Encuentra lo que buscas aqu\u00ed, con Orange Costa!\" \/>\n<meta property=\"og:url\" content=\"https:\/\/www.orangecosta.com\/blog\/fr\/evento\/benicassim-belle-epoque-2024\/\" \/>\n<meta property=\"og:site_name\" content=\"Blog turismo Orange Costa\" \/>\n<meta property=\"og:image\" content=\"https:\/\/www.orangecosta.com\/blog\/wp-content\/uploads\/2024\/08\/Cartel-Belle-Epoque-2024-380x350.jpeg\" \/>\n<meta name=\"twitter:card\" content=\"summary_large_image\" \/>\n<meta name=\"twitter:label1\" content=\"Dur\u00e9e de lecture estim\u00e9e\" \/>\n\t<meta name=\"twitter:data1\" content=\"1 minute\" \/>\n<script type=\"application\/ld+json\" class=\"yoast-schema-graph\">{\"@context\":\"https:\\\/\\\/schema.org\",\"@graph\":[{\"@type\":\"WebPage\",\"@id\":\"https:\\\/\\\/www.orangecosta.com\\\/blog\\\/fr\\\/evento\\\/benicassim-belle-epoque-2024\\\/\",\"url\":\"https:\\\/\\\/www.orangecosta.com\\\/blog\\\/fr\\\/evento\\\/benicassim-belle-epoque-2024\\\/\",\"name\":\"Benic\u00e0ssim Belle \u00c9poque 2024 - Orange Costa\",\"isPartOf\":{\"@id\":\"https:\\\/\\\/www.orangecosta.com\\\/blog\\\/fr\\\/#website\"},\"primaryImageOfPage\":{\"@id\":\"https:\\\/\\\/www.orangecosta.com\\\/blog\\\/fr\\\/evento\\\/benicassim-belle-epoque-2024\\\/#primaryimage\"},\"image\":{\"@id\":\"https:\\\/\\\/www.orangecosta.com\\\/blog\\\/fr\\\/evento\\\/benicassim-belle-epoque-2024\\\/#primaryimage\"},\"thumbnailUrl\":\"https:\\\/\\\/www.orangecosta.com\\\/blog\\\/wp-content\\\/uploads\\\/2024\\\/08\\\/Cartel-Belle-Epoque-2024-380x350.jpeg\",\"datePublished\":\"2024-09-05T09:57:43+00:00\",\"description\":\"Buscas alojamiento para disfrutar del evento Belle \u00c9poque en Benicassim. Encuentra lo que buscas aqu\u00ed, con Orange Costa!\",\"breadcrumb\":{\"@id\":\"https:\\\/\\\/www.orangecosta.com\\\/blog\\\/fr\\\/evento\\\/benicassim-belle-epoque-2024\\\/#breadcrumb\"},\"inLanguage\":\"fr-FR\",\"potentialAction\":[{\"@type\":\"ReadAction\",\"target\":[\"https:\\\/\\\/www.orangecosta.com\\\/blog\\\/fr\\\/evento\\\/benicassim-belle-epoque-2024\\\/\"]}]},{\"@type\":\"ImageObject\",\"inLanguage\":\"fr-FR\",\"@id\":\"https:\\\/\\\/www.orangecosta.com\\\/blog\\\/fr\\\/evento\\\/benicassim-belle-epoque-2024\\\/#primaryimage\",\"url\":\"https:\\\/\\\/www.orangecosta.com\\\/blog\\\/wp-content\\\/uploads\\\/2024\\\/08\\\/Cartel-Belle-Epoque-2024-380x350.jpeg\",\"contentUrl\":\"https:\\\/\\\/www.orangecosta.com\\\/blog\\\/wp-content\\\/uploads\\\/2024\\\/08\\\/Cartel-Belle-Epoque-2024-380x350.jpeg\"},{\"@type\":\"BreadcrumbList\",\"@id\":\"https:\\\/\\\/www.orangecosta.com\\\/blog\\\/fr\\\/evento\\\/benicassim-belle-epoque-2024\\\/#breadcrumb\",\"itemListElement\":[{\"@type\":\"ListItem\",\"position\":1,\"name\":\"Home\",\"item\":\"https:\\\/\\\/www.orangecosta.com\\\/blog\\\/fr\\\/\"},{\"@type\":\"ListItem\",\"position\":2,\"name\":\"\u00c9v\u00e8nements\",\"item\":\"https:\\\/\\\/www.orangecosta.com\\\/blog\\\/fr\\\/eventos\\\/\"},{\"@type\":\"ListItem\",\"position\":3,\"name\":\"Benic\u00e0ssim Belle \u00c9poque 2024\"}]},{\"@type\":\"WebSite\",\"@id\":\"https:\\\/\\\/www.orangecosta.com\\\/blog\\\/fr\\\/#website\",\"url\":\"https:\\\/\\\/www.orangecosta.com\\\/blog\\\/fr\\\/\",\"name\":\"Blog turismo Orange Costa\",\"description\":\"Orangecosta\",\"potentialAction\":[{\"@type\":\"SearchAction\",\"target\":{\"@type\":\"EntryPoint\",\"urlTemplate\":\"https:\\\/\\\/www.orangecosta.com\\\/blog\\\/fr\\\/?s={search_term_string}\"},\"query-input\":{\"@type\":\"PropertyValueSpecification\",\"valueRequired\":true,\"valueName\":\"search_term_string\"}}],\"inLanguage\":\"fr-FR\"}]}<\/script>\n<!-- \/ Yoast SEO plugin. -->","yoast_head_json":{"title":"Benic\u00e0ssim Belle \u00c9poque 2024 - Orange Costa","description":"Buscas alojamiento para disfrutar del evento Belle \u00c9poque en Benicassim. Encuentra lo que buscas aqu\u00ed, con Orange Costa!","robots":{"index":"index","follow":"follow","max-snippet":"max-snippet:-1","max-image-preview":"max-image-preview:large","max-video-preview":"max-video-preview:-1"},"canonical":"https:\/\/www.orangecosta.com\/blog\/fr\/evento\/benicassim-belle-epoque-2024\/","og_locale":"fr_FR","og_type":"article","og_title":"Benic\u00e0ssim Belle \u00c9poque 2024 - Orange Costa","og_description":"Buscas alojamiento para disfrutar del evento Belle \u00c9poque en Benicassim. Encuentra lo que buscas aqu\u00ed, con Orange Costa!","og_url":"https:\/\/www.orangecosta.com\/blog\/fr\/evento\/benicassim-belle-epoque-2024\/","og_site_name":"Blog turismo Orange Costa","og_image":[{"url":"https:\/\/www.orangecosta.com\/blog\/wp-content\/uploads\/2024\/08\/Cartel-Belle-Epoque-2024-380x350.jpeg","type":"","width":"","height":""}],"twitter_card":"summary_large_image","twitter_misc":{"Dur\u00e9e de lecture estim\u00e9e":"1 minute"},"schema":{"@context":"https:\/\/schema.org","@graph":[{"@type":"WebPage","@id":"https:\/\/www.orangecosta.com\/blog\/fr\/evento\/benicassim-belle-epoque-2024\/","url":"https:\/\/www.orangecosta.com\/blog\/fr\/evento\/benicassim-belle-epoque-2024\/","name":"Benic\u00e0ssim Belle \u00c9poque 2024 - Orange Costa","isPartOf":{"@id":"https:\/\/www.orangecosta.com\/blog\/fr\/#website"},"primaryImageOfPage":{"@id":"https:\/\/www.orangecosta.com\/blog\/fr\/evento\/benicassim-belle-epoque-2024\/#primaryimage"},"image":{"@id":"https:\/\/www.orangecosta.com\/blog\/fr\/evento\/benicassim-belle-epoque-2024\/#primaryimage"},"thumbnailUrl":"https:\/\/www.orangecosta.com\/blog\/wp-content\/uploads\/2024\/08\/Cartel-Belle-Epoque-2024-380x350.jpeg","datePublished":"2024-09-05T09:57:43+00:00","description":"Buscas alojamiento para disfrutar del evento Belle \u00c9poque en Benicassim. Encuentra lo que buscas aqu\u00ed, con Orange Costa!","breadcrumb":{"@id":"https:\/\/www.orangecosta.com\/blog\/fr\/evento\/benicassim-belle-epoque-2024\/#breadcrumb"},"inLanguage":"fr-FR","potentialAction":[{"@type":"ReadAction","target":["https:\/\/www.orangecosta.com\/blog\/fr\/evento\/benicassim-belle-epoque-2024\/"]}]},{"@type":"ImageObject","inLanguage":"fr-FR","@id":"https:\/\/www.orangecosta.com\/blog\/fr\/evento\/benicassim-belle-epoque-2024\/#primaryimage","url":"https:\/\/www.orangecosta.com\/blog\/wp-content\/uploads\/2024\/08\/Cartel-Belle-Epoque-2024-380x350.jpeg","contentUrl":"https:\/\/www.orangecosta.com\/blog\/wp-content\/uploads\/2024\/08\/Cartel-Belle-Epoque-2024-380x350.jpeg"},{"@type":"BreadcrumbList","@id":"https:\/\/www.orangecosta.com\/blog\/fr\/evento\/benicassim-belle-epoque-2024\/#breadcrumb","itemListElement":[{"@type":"ListItem","position":1,"name":"Home","item":"https:\/\/www.orangecosta.com\/blog\/fr\/"},{"@type":"ListItem","position":2,"name":"\u00c9v\u00e8nements","item":"https:\/\/www.orangecosta.com\/blog\/fr\/eventos\/"},{"@type":"ListItem","position":3,"name":"Benic\u00e0ssim Belle \u00c9poque 2024"}]},{"@type":"WebSite","@id":"https:\/\/www.orangecosta.com\/blog\/fr\/#website","url":"https:\/\/www.orangecosta.com\/blog\/fr\/","name":"Blog turismo Orange Costa","description":"Orangecosta","potentialAction":[{"@type":"SearchAction","target":{"@type":"EntryPoint","urlTemplate":"https:\/\/www.orangecosta.com\/blog\/fr\/?s={search_term_string}"},"query-input":{"@type":"PropertyValueSpecification","valueRequired":true,"valueName":"search_term_string"}}],"inLanguage":"fr-FR"}]}},"_links":{"self":[{"href":"https:\/\/www.orangecosta.com\/blog\/fr\/wp-json\/wp\/v2\/tribe_events\/3515","targetHints":{"allow":["GET"]}}],"collection":[{"href":"https:\/\/www.orangecosta.com\/blog\/fr\/wp-json\/wp\/v2\/tribe_events"}],"about":[{"href":"https:\/\/www.orangecosta.com\/blog\/fr\/wp-json\/wp\/v2\/types\/tribe_events"}],"author":[{"embeddable":true,"href":"https:\/\/www.orangecosta.com\/blog\/fr\/wp-json\/wp\/v2\/users\/3"}],"replies":[{"embeddable":true,"href":"https:\/\/www.orangecosta.com\/blog\/fr\/wp-json\/wp\/v2\/comments?post=3515"}],"version-history":[{"count":1,"href":"https:\/\/www.orangecosta.com\/blog\/fr\/wp-json\/wp\/v2\/tribe_events\/3515\/revisions"}],"predecessor-version":[{"id":3516,"href":"https:\/\/www.orangecosta.com\/blog\/fr\/wp-json\/wp\/v2\/tribe_events\/3515\/revisions\/3516"}],"wp:attachment":[{"href":"https:\/\/www.orangecosta.com\/blog\/fr\/wp-json\/wp\/v2\/media?parent=3515"}],"wp:term":[{"taxonomy":"post_tag","embeddable":true,"href":"https:\/\/www.orangecosta.com\/blog\/fr\/wp-json\/wp\/v2\/tags?post=3515"},{"taxonomy":"tribe_events_cat","embeddable":true,"href":"https:\/\/www.orangecosta.com\/blog\/fr\/wp-json\/wp\/v2\/tribe_events_cat?post=3515"}],"curies":[{"name":"wp","href":"https:\/\/api.w.org\/{rel}","templated":true}]}}

Benicàssim Belle Époque 2024

<p>Descubre la magia de la Belle Époque en Benicàssim del 6 al 8 de septiembre de 2024. Sumérgete en una celebración única de música, arte y cultura de una era dorada. Viste tu atuendo de época y vive un fin de semana inolvidable en el encantador Festival Belle Époque. ¡Te esperamos para compartir momentos llenos de elegancia y esplendor!</p>
<p><img fetchpriority="high" decoding="async" class="size-medium wp-image-3502 alignleft" src="https://www.orangecosta.com/blog/wp-content/uploads/2024/08/Cartel-Belle-Epoque-2024-380x350.jpeg" alt="" width="300" height="276" /></p>
<p>&nbsp;</p>
<p>&nbsp;</p>
<p>&nbsp;</p>
<p>&nbsp;</p>
<p>&nbsp;</p>
<p>&nbsp;</p>
<p>&nbsp;</p>
<p>&nbsp;</p>
<p>Descubre todas las <strong><a href="https://belleepoque.benicassim.es/">actividades planificadas para el fin de semana Belle Époque en Benicàssim aquí</a></strong>!</p>

<p>Descubre la magia de la Belle Époque en Benicàssim del 6 al 8 de septiembre de 2024. Sumérgete en una&#8230;</p>

<!-- This site is optimized with the Yoast SEO plugin v27.5 - https://yoast.com/product/yoast-seo-wordpress/ -->
<title>Benicàssim Belle Époque 2024 - Orange Costa</title>
<meta name="description" content="Buscas alojamiento para disfrutar del evento Belle Époque en Benicassim. Encuentra lo que buscas aquí, con Orange Costa!" />
<meta name="robots" content="index, follow, max-snippet:-1, max-image-preview:large, max-video-preview:-1" />
<link rel="canonical" href="https://www.orangecosta.com/blog/fr/evento/benicassim-belle-epoque-2024/" />
<meta property="og:locale" content="fr_FR" />
<meta property="og:type" content="article" />
<meta property="og:title" content="Benicàssim Belle Époque 2024 - Orange Costa" />
<meta property="og:description" content="Buscas alojamiento para disfrutar del evento Belle Époque en Benicassim. Encuentra lo que buscas aquí, con Orange Costa!" />
<meta property="og:url" content="https://www.orangecosta.com/blog/fr/evento/benicassim-belle-epoque-2024/" />
<meta property="og:site_name" content="Blog turismo Orange Costa" />
<meta property="og:image" content="https://www.orangecosta.com/blog/wp-content/uploads/2024/08/Cartel-Belle-Epoque-2024-380x350.jpeg" />
<meta name="twitter:card" content="summary_large_image" />
<meta name="twitter:label1" content="Durée de lecture estimée" />
	<meta name="twitter:data1" content="1 minute" />
<script type="application/ld+json" class="yoast-schema-graph">{"@context":"https:\/\/schema.org","@graph":[{"@type":"WebPage","@id":"https:\/\/www.orangecosta.com\/blog\/fr\/evento\/benicassim-belle-epoque-2024\/","url":"https:\/\/www.orangecosta.com\/blog\/fr\/evento\/benicassim-belle-epoque-2024\/","name":"Benicàssim Belle Époque 2024 - Orange Costa","isPartOf":{"@id":"https:\/\/www.orangecosta.com\/blog\/fr\/#website"},"primaryImageOfPage":{"@id":"https:\/\/www.orangecosta.com\/blog\/fr\/evento\/benicassim-belle-epoque-2024\/#primaryimage"},"image":{"@id":"https:\/\/www.orangecosta.com\/blog\/fr\/evento\/benicassim-belle-epoque-2024\/#primaryimage"},"thumbnailUrl":"https:\/\/www.orangecosta.com\/blog\/wp-content\/uploads\/2024\/08\/Cartel-Belle-Epoque-2024-380x350.jpeg","datePublished":"2024-09-05T09:57:43+00:00","description":"Buscas alojamiento para disfrutar del evento Belle Époque en Benicassim. Encuentra lo que buscas aquí, con Orange Costa!","breadcrumb":{"@id":"https:\/\/www.orangecosta.com\/blog\/fr\/evento\/benicassim-belle-epoque-2024\/#breadcrumb"},"inLanguage":"fr-FR","potentialAction":[{"@type":"ReadAction","target":["https:\/\/www.orangecosta.com\/blog\/fr\/evento\/benicassim-belle-epoque-2024\/"]}]},{"@type":"ImageObject","inLanguage":"fr-FR","@id":"https:\/\/www.orangecosta.com\/blog\/fr\/evento\/benicassim-belle-epoque-2024\/#primaryimage","url":"https:\/\/www.orangecosta.com\/blog\/wp-content\/uploads\/2024\/08\/Cartel-Belle-Epoque-2024-380x350.jpeg","contentUrl":"https:\/\/www.orangecosta.com\/blog\/wp-content\/uploads\/2024\/08\/Cartel-Belle-Epoque-2024-380x350.jpeg"},{"@type":"BreadcrumbList","@id":"https:\/\/www.orangecosta.com\/blog\/fr\/evento\/benicassim-belle-epoque-2024\/#breadcrumb","itemListElement":[{"@type":"ListItem","position":1,"name":"Home","item":"https:\/\/www.orangecosta.com\/blog\/fr\/"},{"@type":"ListItem","position":2,"name":"Évènements","item":"https:\/\/www.orangecosta.com\/blog\/fr\/eventos\/"},{"@type":"ListItem","position":3,"name":"Benicàssim Belle Époque 2024"}]},{"@type":"WebSite","@id":"https:\/\/www.orangecosta.com\/blog\/fr\/#website","url":"https:\/\/www.orangecosta.com\/blog\/fr\/","name":"Blog turismo Orange Costa","description":"Orangecosta","potentialAction":[{"@type":"SearchAction","target":{"@type":"EntryPoint","urlTemplate":"https:\/\/www.orangecosta.com\/blog\/fr\/?s={search_term_string}"},"query-input":{"@type":"PropertyValueSpecification","valueRequired":true,"valueName":"search_term_string"}}],"inLanguage":"fr-FR"}]}</script>
<!-- / Yoast SEO plugin. -->

Benicàssim Belle Époque 2024 - Orange Costa

Buscas alojamiento para disfrutar del evento Belle Époque en Benicassim. Encuentra lo que buscas aquí, con Orange Costa!

Évènements
