{"id":2904,"date":"2024-05-13T09:53:22","date_gmt":"2024-05-13T09:53:22","guid":{"rendered":"https:\/\/www.orangecosta.com\/blog\/evento\/xi-10k-nocturno-benicassim\/"},"modified":"2024-05-13T10:18:42","modified_gmt":"2024-05-13T10:18:42","slug":"xi-10k-nocturno-benicassim","status":"publish","type":"tribe_events","link":"https:\/\/www.orangecosta.com\/blog\/fr\/evento\/xi-10k-nocturno-benicassim\/","title":{"rendered":"XI 10K Nocturno Benicassim"},"content":{"rendered":"<p>\u00a1An\u00edmate y \u00fanete a la emoci\u00f3n del 10K Nocturno en Benic\u00e0ssim este 15 de junio a las 22:00 de la noche! El evento arranca en el Torre\u00f3n Bernat y promete una ruta totalmente asfaltada. Al finalizar, podr\u00e1s disfrutar de servicios como guardarropa, duchas, masaje, y hasta un bocadillo para recargar energ\u00edas. Adem\u00e1s, recibir\u00e1s un diploma y podr\u00e1s contribuir a una causa solidaria con tu participaci\u00f3n. No te pierdas la oportunidad de correr bajo las estrellas en una noche especial. \u00a1Inscr\u00edbete y s\u00e9 parte de esta experiencia \u00fanica!<\/p>\n<p>Ap\u00fantate mediante este enlace: <a href=\"https:\/\/sportmaniacs.com\/en\/services\/inscription\/xi-10-k-nocturno-benicassim-platges-2024\">https:\/\/sportmaniacs.com\/en\/services\/inscription\/xi-10-k-nocturno-benicassim-platges-2024<\/a><\/p>\n<p>&nbsp;<\/p>\n<p>&nbsp;<\/p>\n","protected":false},"excerpt":{"rendered":"<p>\u00a1An\u00edmate y \u00fanete a la emoci\u00f3n del 10K Nocturno en Benic\u00e0ssim este 15 de junio a las 22:00 de la&#8230;<\/p>\n","protected":false},"author":3,"featured_media":0,"comment_status":"open","ping_status":"closed","template":"","meta":{"_tribe_events_status":"","_tribe_events_status_reason":"","footnotes":""},"tags":[],"tribe_events_cat":[114],"class_list":["post-2904","tribe_events","type-tribe_events","status-publish","hentry","tribe_events_cat-eventos-deportivos-fr","cat_eventos-deportivos-fr"],"yoast_head":"<!-- This site is optimized with the Yoast SEO plugin v27.5 - https:\/\/yoast.com\/product\/yoast-seo-wordpress\/ -->\n<title>XI 10K Nocturno Benicassim - Orange Costa<\/title>\n<meta name=\"description\" content=\"\u00a1An\u00edmate y \u00fanete a la emoci\u00f3n del 10K Nocturno en Benic\u00e0ssim este 15 de junio a las 22:00 de la noche! Descubre todos los detalles aqu\u00ed!\" \/>\n<meta name=\"robots\" content=\"index, follow, max-snippet:-1, max-image-preview:large, max-video-preview:-1\" \/>\n<link rel=\"canonical\" href=\"https:\/\/www.orangecosta.com\/blog\/fr\/evento\/xi-10k-nocturno-benicassim\/\" \/>\n<meta property=\"og:locale\" content=\"fr_FR\" \/>\n<meta property=\"og:type\" content=\"article\" \/>\n<meta property=\"og:title\" content=\"XI 10K Nocturno Benicassim - Orange Costa\" \/>\n<meta property=\"og:description\" content=\"\u00a1An\u00edmate y \u00fanete a la emoci\u00f3n del 10K Nocturno en Benic\u00e0ssim este 15 de junio a las 22:00 de la noche! Descubre todos los detalles aqu\u00ed!\" \/>\n<meta property=\"og:url\" content=\"https:\/\/www.orangecosta.com\/blog\/fr\/evento\/xi-10k-nocturno-benicassim\/\" \/>\n<meta property=\"og:site_name\" content=\"Blog turismo Orange Costa\" \/>\n<meta property=\"article:modified_time\" content=\"2024-05-13T10:18:42+00:00\" \/>\n<meta name=\"twitter:card\" content=\"summary_large_image\" \/>\n<meta name=\"twitter:label1\" content=\"Dur\u00e9e de lecture estim\u00e9e\" \/>\n\t<meta name=\"twitter:data1\" content=\"1 minute\" \/>\n<script type=\"application\/ld+json\" class=\"yoast-schema-graph\">{\"@context\":\"https:\\\/\\\/schema.org\",\"@graph\":[{\"@type\":\"WebPage\",\"@id\":\"https:\\\/\\\/www.orangecosta.com\\\/blog\\\/fr\\\/evento\\\/xi-10k-nocturno-benicassim\\\/\",\"url\":\"https:\\\/\\\/www.orangecosta.com\\\/blog\\\/fr\\\/evento\\\/xi-10k-nocturno-benicassim\\\/\",\"name\":\"XI 10K Nocturno Benicassim - Orange Costa\",\"isPartOf\":{\"@id\":\"https:\\\/\\\/www.orangecosta.com\\\/blog\\\/fr\\\/#website\"},\"datePublished\":\"2024-05-13T09:53:22+00:00\",\"dateModified\":\"2024-05-13T10:18:42+00:00\",\"description\":\"\u00a1An\u00edmate y \u00fanete a la emoci\u00f3n del 10K Nocturno en Benic\u00e0ssim este 15 de junio a las 22:00 de la noche! Descubre todos los detalles aqu\u00ed!\",\"breadcrumb\":{\"@id\":\"https:\\\/\\\/www.orangecosta.com\\\/blog\\\/fr\\\/evento\\\/xi-10k-nocturno-benicassim\\\/#breadcrumb\"},\"inLanguage\":\"fr-FR\",\"potentialAction\":[{\"@type\":\"ReadAction\",\"target\":[\"https:\\\/\\\/www.orangecosta.com\\\/blog\\\/fr\\\/evento\\\/xi-10k-nocturno-benicassim\\\/\"]}]},{\"@type\":\"BreadcrumbList\",\"@id\":\"https:\\\/\\\/www.orangecosta.com\\\/blog\\\/fr\\\/evento\\\/xi-10k-nocturno-benicassim\\\/#breadcrumb\",\"itemListElement\":[{\"@type\":\"ListItem\",\"position\":1,\"name\":\"Home\",\"item\":\"https:\\\/\\\/www.orangecosta.com\\\/blog\\\/fr\\\/\"},{\"@type\":\"ListItem\",\"position\":2,\"name\":\"\u00c9v\u00e8nements\",\"item\":\"https:\\\/\\\/www.orangecosta.com\\\/blog\\\/fr\\\/eventos\\\/\"},{\"@type\":\"ListItem\",\"position\":3,\"name\":\"XI 10K Nocturno Benicassim\"}]},{\"@type\":\"WebSite\",\"@id\":\"https:\\\/\\\/www.orangecosta.com\\\/blog\\\/fr\\\/#website\",\"url\":\"https:\\\/\\\/www.orangecosta.com\\\/blog\\\/fr\\\/\",\"name\":\"Blog turismo Orange Costa\",\"description\":\"Orangecosta\",\"potentialAction\":[{\"@type\":\"SearchAction\",\"target\":{\"@type\":\"EntryPoint\",\"urlTemplate\":\"https:\\\/\\\/www.orangecosta.com\\\/blog\\\/fr\\\/?s={search_term_string}\"},\"query-input\":{\"@type\":\"PropertyValueSpecification\",\"valueRequired\":true,\"valueName\":\"search_term_string\"}}],\"inLanguage\":\"fr-FR\"}]}<\/script>\n<!-- \/ Yoast SEO plugin. -->","yoast_head_json":{"title":"XI 10K Nocturno Benicassim - Orange Costa","description":"\u00a1An\u00edmate y \u00fanete a la emoci\u00f3n del 10K Nocturno en Benic\u00e0ssim este 15 de junio a las 22:00 de la noche! Descubre todos los detalles aqu\u00ed!","robots":{"index":"index","follow":"follow","max-snippet":"max-snippet:-1","max-image-preview":"max-image-preview:large","max-video-preview":"max-video-preview:-1"},"canonical":"https:\/\/www.orangecosta.com\/blog\/fr\/evento\/xi-10k-nocturno-benicassim\/","og_locale":"fr_FR","og_type":"article","og_title":"XI 10K Nocturno Benicassim - Orange Costa","og_description":"\u00a1An\u00edmate y \u00fanete a la emoci\u00f3n del 10K Nocturno en Benic\u00e0ssim este 15 de junio a las 22:00 de la noche! Descubre todos los detalles aqu\u00ed!","og_url":"https:\/\/www.orangecosta.com\/blog\/fr\/evento\/xi-10k-nocturno-benicassim\/","og_site_name":"Blog turismo Orange Costa","article_modified_time":"2024-05-13T10:18:42+00:00","twitter_card":"summary_large_image","twitter_misc":{"Dur\u00e9e de lecture estim\u00e9e":"1 minute"},"schema":{"@context":"https:\/\/schema.org","@graph":[{"@type":"WebPage","@id":"https:\/\/www.orangecosta.com\/blog\/fr\/evento\/xi-10k-nocturno-benicassim\/","url":"https:\/\/www.orangecosta.com\/blog\/fr\/evento\/xi-10k-nocturno-benicassim\/","name":"XI 10K Nocturno Benicassim - Orange Costa","isPartOf":{"@id":"https:\/\/www.orangecosta.com\/blog\/fr\/#website"},"datePublished":"2024-05-13T09:53:22+00:00","dateModified":"2024-05-13T10:18:42+00:00","description":"\u00a1An\u00edmate y \u00fanete a la emoci\u00f3n del 10K Nocturno en Benic\u00e0ssim este 15 de junio a las 22:00 de la noche! Descubre todos los detalles aqu\u00ed!","breadcrumb":{"@id":"https:\/\/www.orangecosta.com\/blog\/fr\/evento\/xi-10k-nocturno-benicassim\/#breadcrumb"},"inLanguage":"fr-FR","potentialAction":[{"@type":"ReadAction","target":["https:\/\/www.orangecosta.com\/blog\/fr\/evento\/xi-10k-nocturno-benicassim\/"]}]},{"@type":"BreadcrumbList","@id":"https:\/\/www.orangecosta.com\/blog\/fr\/evento\/xi-10k-nocturno-benicassim\/#breadcrumb","itemListElement":[{"@type":"ListItem","position":1,"name":"Home","item":"https:\/\/www.orangecosta.com\/blog\/fr\/"},{"@type":"ListItem","position":2,"name":"\u00c9v\u00e8nements","item":"https:\/\/www.orangecosta.com\/blog\/fr\/eventos\/"},{"@type":"ListItem","position":3,"name":"XI 10K Nocturno Benicassim"}]},{"@type":"WebSite","@id":"https:\/\/www.orangecosta.com\/blog\/fr\/#website","url":"https:\/\/www.orangecosta.com\/blog\/fr\/","name":"Blog turismo Orange Costa","description":"Orangecosta","potentialAction":[{"@type":"SearchAction","target":{"@type":"EntryPoint","urlTemplate":"https:\/\/www.orangecosta.com\/blog\/fr\/?s={search_term_string}"},"query-input":{"@type":"PropertyValueSpecification","valueRequired":true,"valueName":"search_term_string"}}],"inLanguage":"fr-FR"}]}},"_links":{"self":[{"href":"https:\/\/www.orangecosta.com\/blog\/fr\/wp-json\/wp\/v2\/tribe_events\/2904","targetHints":{"allow":["GET"]}}],"collection":[{"href":"https:\/\/www.orangecosta.com\/blog\/fr\/wp-json\/wp\/v2\/tribe_events"}],"about":[{"href":"https:\/\/www.orangecosta.com\/blog\/fr\/wp-json\/wp\/v2\/types\/tribe_events"}],"author":[{"embeddable":true,"href":"https:\/\/www.orangecosta.com\/blog\/fr\/wp-json\/wp\/v2\/users\/3"}],"replies":[{"embeddable":true,"href":"https:\/\/www.orangecosta.com\/blog\/fr\/wp-json\/wp\/v2\/comments?post=2904"}],"version-history":[{"count":1,"href":"https:\/\/www.orangecosta.com\/blog\/fr\/wp-json\/wp\/v2\/tribe_events\/2904\/revisions"}],"predecessor-version":[{"id":2925,"href":"https:\/\/www.orangecosta.com\/blog\/fr\/wp-json\/wp\/v2\/tribe_events\/2904\/revisions\/2925"}],"wp:attachment":[{"href":"https:\/\/www.orangecosta.com\/blog\/fr\/wp-json\/wp\/v2\/media?parent=2904"}],"wp:term":[{"taxonomy":"post_tag","embeddable":true,"href":"https:\/\/www.orangecosta.com\/blog\/fr\/wp-json\/wp\/v2\/tags?post=2904"},{"taxonomy":"tribe_events_cat","embeddable":true,"href":"https:\/\/www.orangecosta.com\/blog\/fr\/wp-json\/wp\/v2\/tribe_events_cat?post=2904"}],"curies":[{"name":"wp","href":"https:\/\/api.w.org\/{rel}","templated":true}]}}

<p>¡Anímate y únete a la emoción del 10K Nocturno en Benicàssim este 15 de junio a las 22:00 de la noche! El evento arranca en el Torreón Bernat y promete una ruta totalmente asfaltada. Al finalizar, podrás disfrutar de servicios como guardarropa, duchas, masaje, y hasta un bocadillo para recargar energías. Además, recibirás un diploma y podrás contribuir a una causa solidaria con tu participación. No te pierdas la oportunidad de correr bajo las estrellas en una noche especial. ¡Inscríbete y sé parte de esta experiencia única!</p>
<p>Apúntate mediante este enlace: <a href="https://sportmaniacs.com/en/services/inscription/xi-10-k-nocturno-benicassim-platges-2024">https://sportmaniacs.com/en/services/inscription/xi-10-k-nocturno-benicassim-platges-2024</a></p>
<p>&nbsp;</p>
<p>&nbsp;</p>

<p>¡Anímate y únete a la emoción del 10K Nocturno en Benicàssim este 15 de junio a las 22:00 de la&#8230;</p>

<!-- This site is optimized with the Yoast SEO plugin v27.5 - https://yoast.com/product/yoast-seo-wordpress/ -->
<title>XI 10K Nocturno Benicassim - Orange Costa</title>
<meta name="description" content="¡Anímate y únete a la emoción del 10K Nocturno en Benicàssim este 15 de junio a las 22:00 de la noche! Descubre todos los detalles aquí!" />
<meta name="robots" content="index, follow, max-snippet:-1, max-image-preview:large, max-video-preview:-1" />
<link rel="canonical" href="https://www.orangecosta.com/blog/fr/evento/xi-10k-nocturno-benicassim/" />
<meta property="og:locale" content="fr_FR" />
<meta property="og:type" content="article" />
<meta property="og:title" content="XI 10K Nocturno Benicassim - Orange Costa" />
<meta property="og:description" content="¡Anímate y únete a la emoción del 10K Nocturno en Benicàssim este 15 de junio a las 22:00 de la noche! Descubre todos los detalles aquí!" />
<meta property="og:url" content="https://www.orangecosta.com/blog/fr/evento/xi-10k-nocturno-benicassim/" />
<meta property="og:site_name" content="Blog turismo Orange Costa" />
<meta property="article:modified_time" content="2024-05-13T10:18:42+00:00" />
<meta name="twitter:card" content="summary_large_image" />
<meta name="twitter:label1" content="Durée de lecture estimée" />
	<meta name="twitter:data1" content="1 minute" />
<script type="application/ld+json" class="yoast-schema-graph">{"@context":"https:\/\/schema.org","@graph":[{"@type":"WebPage","@id":"https:\/\/www.orangecosta.com\/blog\/fr\/evento\/xi-10k-nocturno-benicassim\/","url":"https:\/\/www.orangecosta.com\/blog\/fr\/evento\/xi-10k-nocturno-benicassim\/","name":"XI 10K Nocturno Benicassim - Orange Costa","isPartOf":{"@id":"https:\/\/www.orangecosta.com\/blog\/fr\/#website"},"datePublished":"2024-05-13T09:53:22+00:00","dateModified":"2024-05-13T10:18:42+00:00","description":"¡Anímate y únete a la emoción del 10K Nocturno en Benicàssim este 15 de junio a las 22:00 de la noche! Descubre todos los detalles aquí!","breadcrumb":{"@id":"https:\/\/www.orangecosta.com\/blog\/fr\/evento\/xi-10k-nocturno-benicassim\/#breadcrumb"},"inLanguage":"fr-FR","potentialAction":[{"@type":"ReadAction","target":["https:\/\/www.orangecosta.com\/blog\/fr\/evento\/xi-10k-nocturno-benicassim\/"]}]},{"@type":"BreadcrumbList","@id":"https:\/\/www.orangecosta.com\/blog\/fr\/evento\/xi-10k-nocturno-benicassim\/#breadcrumb","itemListElement":[{"@type":"ListItem","position":1,"name":"Home","item":"https:\/\/www.orangecosta.com\/blog\/fr\/"},{"@type":"ListItem","position":2,"name":"Évènements","item":"https:\/\/www.orangecosta.com\/blog\/fr\/eventos\/"},{"@type":"ListItem","position":3,"name":"XI 10K Nocturno Benicassim"}]},{"@type":"WebSite","@id":"https:\/\/www.orangecosta.com\/blog\/fr\/#website","url":"https:\/\/www.orangecosta.com\/blog\/fr\/","name":"Blog turismo Orange Costa","description":"Orangecosta","potentialAction":[{"@type":"SearchAction","target":{"@type":"EntryPoint","urlTemplate":"https:\/\/www.orangecosta.com\/blog\/fr\/?s={search_term_string}"},"query-input":{"@type":"PropertyValueSpecification","valueRequired":true,"valueName":"search_term_string"}}],"inLanguage":"fr-FR"}]}</script>
<!-- / Yoast SEO plugin. -->

¡Anímate y únete a la emoción del 10K Nocturno en Benicàssim este 15 de junio a las 22:00 de la noche! Descubre todos los detalles aquí!

Évènements
